git of t?
1
Let v(r) = -17*r**3 - r**2 - r. What is the tens digit of v(-1)?
1
Let g be 51/18 - (-2)/12. Let r be 13/g - 2/6. Suppose -7 = -r*q + 9. What is the units digit of q?
4
Let p(f) = f**3 + f**2 + 2*f + 9. What is the units digit of p(0)?
9
Suppose 6*c - 3*c = 63. What is the units digit of c?
1
Let f be (-2)/4 - (-195)/(-6). Let a = 54 + f. What is the units digit of a?
1
Let i be (3/(-9)*0)/(-2). Suppose i = -0*b - 5*b + 195. What is the tens digit of b?
3
Let q(u) = -u**3 + 4*u**2 + u - 1. Let f be q(2). Let v = f - 6. What is the units digit of v?
3
Let x(c) = c**2 - 7*c - 5. What is the units digit of x(8)?
3
Let g = 62 - -1. What is the tens digit of g?
6
Let r(a) = a**2 - 7*a + 3. Let y be r(6). Let p = -5 - y. What is the units digit of (-1 - p) + -2 + 9?
8
Suppose -9 = -3*d - 5*h, 5*d + 0*d - 2*h - 15 = 0. Let n(g) = -g + 6. Let y be n(4). Suppose -d*s + 9 = -y*s. What is the units digit of s?
9
Let s(c) = 5*c + 61. What is the tens digit of s(4)?
8
Suppose a = 2*v - 7, -2*v + 24 = v + 3*a. Suppose -20 = v*y - y. Let n = 11 + y. What is the units digit of n?
6
Let g(i) = i + 14. Let r be g(0). Suppose -r = -4*c + 18. What is the units digit of c?
8
Let f = 337 - 156. What is the units digit of f?
1
Suppose -3*h + 2*u = -7, 2*h + 3*h = -3*u + 18. What is the units digit of 20 - 0*1/h?
0
Let q be (-6)/3*(-6)/4. Suppose 0 = d + q*d + 2*u - 36, -5*d = -4*u - 58. What is the units digit of d?
0
Suppose -4*o = -2*o - 92. Let n = 5 + o. What is the tens digit of n?
5
Suppose 2*k = 3*k - 2. Suppose -2*s + 16 = k*q, s = -4*s + 5*q + 60. What is the tens digit of s?
1
Let h = 13 + -11. What is the units digit of h/(-3)*(-6)/4?
1
Suppose 3*g - 7*g + 24 = 0. What is the units digit of g?
6
Suppose a = 2*n + 3*n + 71, 0 = -a - n + 53. What is the tens digit of a?
5
Let a(x) = -134*x + 8. What is the units digit of a(-2)?
6
Suppose 37 = 4*f + 9. Let m = 9 + f. Suppose j = 5*y - m, -2*j - 6*y + 43 = -y. What is the units digit of j?
9
Let z(t) be the second derivative of 7*t**3/6 - 2*t**2 + t. What is the units digit of z(3)?
7
Let y be (-4 - -2) + 3 + -1. Suppose y = x - 6*x + 240. Suppose -5*c + c = -x. What is the tens digit of c?
1
Let o(l) = -8*l**3. Let a be (2/6)/((-6)/(-18)). Suppose -a = 4*p - 3*p. What is the units digit of o(p)?
8
Let g(h) = -h + 4. Let i be g(0). Let z(d) = 2*d - 2. What is the units digit of z(i)?
6
Suppose -6*b + b + 325 = 0. What is the tens digit of b?
6
Suppose -2*z = -16 - 12. What is the tens digit of z?
1
Let x = 21 + -6. Suppose -b - 5 = -x. What is the units digit of b?
0
Let k(a) = 7*a**2 - 5*a + 10. Let w(j) = 13*j**2 - 9*j + 19. Let c(d) = -11*k(d) + 6*w(d). What is the tens digit of c(-4)?
1
Let g = 41 - 16. Suppose 0*y = -y + g. What is the tens digit of y?
2
Suppose -104 = -3*u + 28. What is the tens digit of u?
4
What is the tens digit of (-32 + -14)*2/(-4)?
2
Let o be 2/2 + -3 + 78. Suppose -o = -5*f + 3*f. What is the tens digit of f?
3
Let l(j) = -j**2 - 6*j + 3. Let o be l(-8). Let m = 14 + o. What is the units digit of m?
1
What is the hundreds digit of 6/8 + (-8593)/(-52)?
1
What is the units digit of (2322/15 - -2) + 4/20?
7
What is the units digit of (-9)/(-6)*140/6?
5
Let i be 57/21 - (-4)/14. What is the tens digit of -2 + (1 - -21) - i?
1
Let g be (-12)/(-10)*10/4. Let h = 5 - 2. Suppose 26 = h*l - 4*o, 0*l = -5*l + g*o + 25. What is the units digit of l?
2
Let r be 2/6 + 16/6. Suppose 2*b = -r*b + 40. What is the units digit of b?
8
Let c be 30/4*(-8)/(-10). Let v be 16/c*12/8. Suppose 27 + 37 = v*k. What is the units digit of k?
6
Let n(d) = 4*d - 30 + 36 - d. What is the tens digit of n(9)?
3
Let d(y) = 2 + 10*y - 5 + 2. What is the units digit of d(1)?
9
Let i = 20 + -9. What is the tens digit of i?
1
Let l be 9*(8/(-6) - -1). What is the tens digit of 2/(8/l)*-28?
2
Suppose -1440 = -4*g - c, 0 = -3*c + 3 - 15. What is the tens digit of g?
6
Suppose 0 = 2*j + 3*c - 529, 4*j - 781 = j - 2*c. What is the tens digit of j?
5
Suppose 0 = p + 3*p + 2*y - 310, 5*y + 173 = 2*p. What is the tens digit of p?
7
Let r be 3/3 + (-3 - -62). Suppose -5*g + 160 - r = 0. What is the units digit of g?
0
Let x be -1 - 0 - (-8 + 9). Let u be ((-62)/4)/(1/x). Let z = -19 + u. What is the units digit of z?
2
Let m = 53 - 34. What is the units digit of m?
9
Let x(w) = 4*w**3 - 8*w + 3. What is the units digit of x(3)?
7
Let o be 2/(-4)*(-2 + -140). Suppose 0*n - n = -3*i - 21, i + o = 3*n. What is the units digit of n?
4
Suppose 3*k + 2*s - 12 = 11, -5*s - 47 = -2*k. What is the tens digit of k?
1
Let r be -9 + (-2)/(-4)*4. Let h = r - -26. What is the tens digit of h?
1
Let x(k) = 4*k**2. Let p(t) = t + 2. Let f be p(-1). Let c be (f + 1 - 0) + -3. What is the units digit of x(c)?
4
Let l = 26 + 9. What is the tens digit of l?
3
Let x(p) = p**3 + 11*p**2 - 11*p + 10. Let w be x(-11). Suppose -2*z - w = -5*k, 0*k = k - z - 28. What is the tens digit of k?
2
Let z(y) = -3*y**3 - y**2 + 2*y. Let h be z(-2). Suppose -7*l = -3*l - h. What is the units digit of l?
4
Suppose f + 0*j = -3*j + 4, 3*j = 4*f - 16. Suppose -3*l - p + 39 = 0, 0*l - f*l - 2*p = -50. What is the units digit of l?
4
What is the tens digit of (-582)/(-10) - (-2)/(-10)?
5
Let j(t) = -t**2 - 6*t - 2. Let y be j(-4). Let a = y - 8. What is the units digit of (-12)/4 + a + 25?
0
Suppose 4*j - 12 = -0*j. Suppose -2*m = -3*m - 1. What is the units digit of m*j*12/(-18)?
2
Let h(v) = -12*v**2 - 58*v - 32. Let q(l) = 4*l**2 + 19*l + 11. Let y(d) = -3*h(d) - 8*q(d). What is the units digit of y(-6)?
0
Suppose 2*f = 4*f. Let t = f + 7. What is the units digit of t?
7
Suppose 2*z + 3*n = -2*z + 202, 258 = 5*z + n. Let v = -30 + z. What is the tens digit of v?
2
Let x(i) = -11*i**2 - 29*i - 29. Let n(h) = 5*h**2 + 14*h + 14. Let q(d) = 13*n(d) + 6*x(d). What is the units digit of q(8)?
8
Let n(x) = x**2 - 8*x. Let z be n(8). Suppose z = 3*r - 2*r. Let g(l) = l + 7. What is the units digit of g(r)?
7
Let s be 12 + -1 + 1*-1. Suppose 14 = 2*r - 4*v, 0 = -5*r + 4*v + 3 + 8. Let k = s - r. What is the tens digit of k?
1
Let d = -84 + 121. What is the units digit of d?
7
Let m be (-1 + 1)/(-2 - -3). Suppose 0 = v - m*v. What is the units digit of 1*(v + 5 + 0)?
5
What is the units digit of (0 + -2)/(11/((-385)/14))?
5
Suppose 11*l = 2*l + 756. What is the tens digit of l?
8
Suppose 5*d + 3*d = 744. What is the units digit of d?
3
Let s(b) = -b - 2. Let p = 3 + -9. Let v be s(p). Suppose 0 = v*x - 0*x - 12. What is the units digit of x?
3
Let h(i) = -3*i**3 + 4*i**2 - 3*i. Let o be h(2). Let m be -10*(3 + o/4). Suppose 10*b = 4*l + 5*b + 6, -l + 11 = m*b. What is the units digit of l?
1
Let h = 17 - 14. Let c = h + -2. What is the units digit of c?
1
Let h = 69 - 48. What is the tens digit of h?
2
Let h(p) be the second derivative of p**3/2 - 17*p**2/2 - 6*p. What is the tens digit of h(12)?
1
Suppose -6 + 2 = -4*y. Suppose y = 4*t - 27. What is the units digit of t?
7
Suppose 6*l = 2*l. Suppose l = 4*w - 96 + 16. What is the tens digit of w?
2
Let q(d) = 1 - d**2 + 3*d**3 + 0*d**2 - 5*d**3 + d**3. Let b be q(-2). Suppose -2*i + 7 = b. What is the units digit of i?
1
Suppose -5*i + 9*i = 136. What is the tens digit of i?
3
What is the units digit of -4 + (-40)/(1 + -3)?
6
Let f = 213 - 100. What is the units digit of f?
3
Let t(s) = 24*s**2 - 2*s - 1. Suppose -2*x + 17 = -7*x - 4*z, 0 = 3*x + 2*z + 9. What is the tens digit of t(x)?
2
Let k = 108 - 80. What is the tens digit of k?
2
Let b(h) = -h + 1. Let i be b(-1). Let o = 34 + -30. Suppose -2*t - i*d = -5*t + 23, t + o*d + 11 = 0. What is the units digit of t?
5
Let f(b) = -b**3 - 4*b**2 + 4*b - 3. Let p be 1*((-14)/2 + 2). Let h be f(p). Suppose 6*x + h*y - 16 = 2*x, -y = 2. What is the units digit of x?
5
What is the tens digit of ((-10)/7)/(20/(-140))?
1
Suppose -2*p + 7*p = g + 12, 4*p - 21 = -3*g. Let u be (-3 + 1)*(1 - g). Suppose u*z - 12 - 54 = -2*m, -4*z + 2*m + 78 = 0. What is the units digit of z?
8
Let c be (-2)/(-2 + 3)*-4. Let r = c + 7. What is the units digit of r?
5
Suppose -8 = -d - i + 2, 45 = 4*d - i. Suppose d = -m + 26. What is the units digit of m?
5
Let r(c) be the second derivative of c**4/12 + c**3/6 - 7*c**2/2 + 2*c. What is the tens digit of r(-6)?
2
Suppose 3*c - 3 =